et w be l(2). What is t(w)?
1
Let k(p) = 58*p + 1 - 40*p - 32*p. Calculate k(1).
-13
Let z(n) = -n**3 - 4*n**2 - n - 1. Suppose 5*a = -25, 2*a = c + 3*a - 30. Suppose 3*g - c = 5*o, 0 = 4*o - 4*g + 3*g + 21. Give z(o).
3
Let p(w) = w**3 - 6*w**2 + 2*w - 2. Suppose -26 = -u - 2*u + 4*q, 0 = 4*u + 3*q - 18. Determine p(u).
10
Let g(f) be the first derivative of f**3/3 - 5*f**2/2 - 1. Suppose 63 = 14*h - 21. Give g(h).
6
Let p(x) = 20*x**3 + 23*x**2 + 5*x - 3. Let n(i) = -7*i**3 - 8*i**2 - 2*i + 1. Let y(d) = -17*n(d) - 6*p(d). Calculate y(-3).
-2
Let q(r) be the second derivative of -r**5/20 + r**4/2 + r**3 + 3*r**2 - 40*r. Determine q(7).
-1
Let l(v) = v + 3. Let u(d) = -d**2 + 2*d - 1. Let m(j) = -j**2 + 3*j - 2. Let y(f) = 3*m(f) - 2*u(f). Let a be y(5). What is l(a)?
-1
Let x(g) = -3*g**2 + 2*g + 2. Let h be 4/6*(-3)/(-2). Suppose 6 = -v + h. Let y(l) = -l**3 - 4*l**2 + 6*l + 7. Let d be y(v). What is x(d)?
-6
Suppose 4*y - y = 27. Let f(g) = 7*g - 23. Let i be 1/(-3)*(2 + -14). Let o(h) = -3*h + 11. Let u(b) = i*f(b) + y*o(b). Give u(-5).
2
Let m(w) = -w**3 + 5*w**2 - 5*w + 4. Suppose -4*b + 2 = -14, 4*b = -2*k + 22. What is m(k)?
7
Let b(r) = -r - 3. Let z(d) = 5*d + 13. Let t be (-18)/4*(2 - 0). Let o(v) = t*b(v) - 2*z(v). Let j(i) = -3*i - 27. Let l be j(-8). What is o(l)?
4
Let u(h) = h**2 + 6*h + 3. Let z = 2 + 9. Suppose -v + y = v + z, -3*v = -3*y + 21. Determine u(v).
-5
Suppose -4*g + 25 = g + s, 5*s + 31 = g. Suppose -h - 6 = 3*v, -2*h - 2*v = -g*v - 28. Let c(w) = w**2 - 7*w + 5. Determine c(h).
-1
Let j(q) be the second derivative of q**5/20 - q**4/3 + 4*q. Suppose 5*u + 4*z = 19, 0*u - z = u - 4. What is j(u)?
-9
Suppose -10 = -u + 2*g, 3*g = -g - 8. Let i(f) = -u + 4 + 0 - f - f**2. Determine i(-3).
-8
Let f(a) be the first derivative of -a**4/12 + a**2/2 - 4*a + 3. Let d(r) be the first derivative of f(r). Determine d(-1).
0
Let z(w) = -4*w**3 + 3*w**2 + 3*w + 6. Let p(k) = -3*k**3 + 4*k**2 + 4*k + 6. Let l(b) = 5*p(b) - 4*z(b). What is l(-7)?
-1
Let u(s) be the first derivative of s**3/3 - 3*s**2 + 2*s + 2. Suppose 12 = 3*n + 3*v, -4*n = -n - v - 20. What is u(n)?
2
Let a(x) = 6*x + 1. Let n be a(-1). Let y(h) = -h**3 - 5*h**2 + 3*h + 7. Calculate y(n).
-8
Let y(c) = -c**3 + 4*c**2 - 2*c - 3. Let b(z) = -z - 1. Let h be b(-1). Let f = 4 + -1. Suppose h = j - f. Give y(j).
0
Let a = 37 - 37. Let z(l) = -l**2 - l - 16. Determine z(a).
-16
Let g(f) = f**2 - 4*f + 5. Suppose 0 = 23*w - 28*w + 20. What is g(w)?
5
Let z(w) be the second derivative of w**5/20 + w**4/3 + 2*w**2 - w. Let k(r) = 2 - 2*r**3 - r**3 + 2*r - 1 - 4*r. Let f be k(1). What is z(f)?
4
Let v(o) = -o + 1. Let y = 3 - 0. Let z = 3 - y. Suppose -2*h - 4*q = z, -2*h - h = -q. Determine v(h).
1
Let m(o) = -o**3 + 8*o**2 - 2*o + 9. Let c be m(8). Let i(n) = -n**3 - 8*n**2 - 6*n + 9. Determine i(c).
2
Let o(x) be the first derivative of -x**2/2 - 4*x + 5. Calculate o(-6).
2
Let g(n) = -n**3 + 5*n**2 - 4*n + 3. Let f be g(4). Let v(s) = 3 + 2*s + s**3 - s**f + 4*s**2 + 3*s + s**3. Let u = -3 + 0. What is v(u)?
-3
Let c = -18 + 26. Suppose 2*g - c = -3*s, 5*g + 2*s + s - 11 = 0. Let i be (g + 0)/(7/21). Let z(r) = -r + 2. Give z(i).
-1
Let z be 30/25*(-10)/3. Let t(a) = -2*a - 4. Calculate t(z).
4
Let k(b) = b**3 - 5*b**2 + b - 3. Let n be k(5). Suppose l = -n*l. Let r(i) = i**3 - i - 7. Calculate r(l).
-7
Let o = -1 + 4. Let c(n) = 6*n**2 - 4*n + 4. Let g(i) = -5*i**2 + 3*i - 4. Let m(u) = -6*c(u) - 7*g(u). Give m(o).
4
Let f(y) = -11 - 3 + 15 + 2*y. Give f(1).
3
Let d(u) = -u**2 + 9*u - 10. Let g be ((-2)/(-3))/(4/42). Give d(g).
4
Let k(y) = -4*y**2 - y. Let p be k(1). Let i = -3 - p. Suppose -i*j - j = 0. Let x(v) = -v**3 - v**2 + 3. Give x(j).
3
Suppose 10 = 3*m - 2*m. Suppose 4*l + m = 2. Let x(f) = -4*f + 1. Give x(l).
9
Let b(g) = -g**3 + 11*g**2 - 10*g + 2. Let x be b(10). Suppose x*t - 10 = -d, 2*d - 4*d + 4 = 0. Let k(a) = -a**3 + 5*a**2 - 4*a - 2. What is k(t)?
-2
Let o(k) be the third derivative of 8*k**2 + 0 + 0*k - 1/24*k**4 + 1/3*k**3. Give o(4).
-2
Let k(m) = -1 - 45*m + m**2 + m**2 - 3*m**2 + 48*m. Give k(3).
-1
Let f(y) = -y**3 - y**2 + y - 2. Let q be (1 - 2)/(8/(-16)). Determine f(q).
-12
Let w(h) = 4*h**2 + 24*h - 37. Let o(z) = z**2 + 6*z - 9. Let n(d) = -9*o(d) + 2*w(d). Let x be n(-8). Let a = 15 + x. Let g(p) = p - 5. Determine g(a).
1
Let n be ((-85)/20 - -4)/(2/8). Let p(o) = -20*o - 1. Give p(n).
19
Suppose 2*g + g + 2*t = 20, -g = 2*t - 8. Let w(v) = 2*v + 3. Calculate w(g).
15
Let z(h) be the second derivative of -3*h**3/2 + 7*h. Calculate z(1).
-9
Suppose -r - 2*r + 27 = 2*j, 25 = 5*r. Let b(i) = 1 + 5*i - 6*i + j*i + 5*i. What is b(1)?
11
Let t(a) be the third derivative of -5*a**2 + 1/12*a**4 + 0 + 0*a - 1/6*a**3. What is t(-1)?
-3
Let o(d) = -d**3 + 2*d. Let b(w) = 3*w - 6. Let z(i) = 8*i - 18. Let h(u) = -11*b(u) + 4*z(u). Let p be h(-4). What is o(p)?
4
Let x(d) = 25*d + 8*d**2 - 2*d**3 + 3*d**3 - 6 - 2*d**3 - 33*d. Determine x(6).
18
Suppose -4 = -o - 3. Let z(n) be the first derivative of n**2 + o - n + 5/3*n**3. Calculate z(1).
6
Let t(j) = -j**2 - j - 1. Let h be (5 - 1 - 2) + -3. Let b(n) = n**3 - 5*n**2 + 3*n - 5. Let p(g) = h*t(g) + b(g). Determine p(3).
-1
Let k(u) = -u**2 + 5*u - 4. Suppose f - s + 14 = -1, 0 = 2*f - s + 26. Let r = f - -15. Give k(r).
0
Let w(t) = -10*t - 3. Let m(k) = -3*k - 1. Let b(a) = 7*m(a) - 2*w(a). Calculate b(4).
-5
Let r(s) = s**3 + 15*s**2 - 17*s - 16. Let z be r(-16). Let y(m) = -m + 11. Give y(z).
11
Let q(u) = -u**3 - 4*u**2 - u - 2. Let w = 4 - 6. Give q(w).
-8
Let b(u) be the second derivative of -u**3/3 + u**2/2 + 86*u. Let v = -11 + 16. What is b(v)?
-9
Let o(t) = -t**2 + t - 1. Let u(f) be the second derivative of f**3/2 + f**2/2 + 4*f. Let c be u(-1). Give o(c).
-7
Let d(u) = u**3 - 2*u**2 - 3*u + 3. Let n(k) = 1 - 6 - 1 + 2*k. Let h be n(4). Suppose 0 = 4*m - 6 - h. Determine d(m).
-3
Suppose 0 = 3*t - 4*t + 3. Suppose -9 = -4*m + t. Let k(a) = 4 + 2*a**2 - m*a + a**2 - a**3 + 5*a. Give k(4).
-4
Let f(p) = 2*p**2 - 7*p - 4. Let c(u) = 4*u**2 - 15*u - 9. Let o(j) = -2*c(j) + 5*f(j). Suppose 4*b - 33 = -5. Let q = 11 - b. Calculate o(q).
10
Let i(z) = -z**2 - z + 1. Suppose 0 = l + 5*x - 4, 0*l = -3*l + x + 12. Suppose 5*d - 5 = 0, -a = 4*d - l - 2. Determine i(a).
-5
Let x(i) = i**3 + 4*i**2 + 3*i + 1. Let u be (2/2)/(((-7)/(-2))/(-7)). Give x(u).
3
Let z(u) = u**3 + 4*u**2 - 4*u + 3. Let v be 3 + (342/(-48) - (-1)/8). Give z(v).
19
Let x(v) = -1 + 55*v - 27*v + 0 - 29*v. Give x(4).
-5
Suppose -6*x + 31 = 1. Let f(a) = -2*a + 10. Give f(x).
0
Let b(t) be the first derivative of -t**4/4 + 8*t**3/3 + 5*t**2 - t - 62. Determine b(9).
8
Let z(j) = j**3 - 7*j**2 + 5. Let t be z(7). Let u(k) = k**3 - 12*k**2 - k + 5. Let m(d) = d**2 + d. Let y(x) = -6*m(x) - u(x). What is y(t)?
-5
Let n(a) = 2*a**3 - 16*a**2 + 5*a - 3. Let d(i) = -3*i**3 + 24*i**2 - 8*i + 4. Let z(v) = 5*d(v) + 8*n(v). Determine z(8).
-4
Suppose -b - 2 = -0. Let f = -4 + -1. Let u = b - f. Let r(n) = -n**3 + 2*n**2 + 4*n - 3. Give r(u).
0
Let r be (-12)/(-8) + (-1)/(-2). Let q(w) = -w**3 + 8 + 4*w**r - w**2 - w + 3*w**2. Determine q(6).
2
Let g(z) be the third derivative of 1/20*z**5 + 4*z**2 - 1/6*z**3 + 0*z**4 + 0*z + 0. Calculate g(-2).
11
Let v = 6 + -4. Let g(b) = 0*b - 5 + 4 + 3*b - 1 + b**v. Suppose -4*a + 3*a = 3. What is g(a)?
-2
Let v(d) = 3*d**2 - 20*d + 6. Let w be v(6). Let k(y) = -2*y - 6. What is k(w)?
6
Let d(l) = -l**3 - 4*l**2 + l + 4. Let i(k) be the first derivative of k**4/4 - 7*k**3/3 + 2*k**2 + 2*k + 1. Let x be i(6). Let f = 6 + x. What is d(f)?
0
Let i(s) = -s**3 - 7*s**2 - 6*s - 4. Let f = -6 + 0. Give i(f).
-4
Let j be (3/(-5))/((-2)/20). Let m(t) = j - t - 2 + 4. Calculate m(6).
2
Let q be 2/5 - 22/5. Let l = -7 - q. Let d(b) be the first derivative of -b**2/2 + 1. Give d(l).
3
Let w be (-1 + 0)*(-12)/4. Let o(r) = 0*r**3 + 3 + 2*r + 3 - 5 - r**w - 2*r**2. Calculate o(-3).
4
Suppose -4*q - 9 - 7 = -d, -4*d + 2*q + 22 = 0. Let i(p) = 4*p - 1. What is i(d)?
15
Let i(n) = 0*n**2 - 4*n - n**2 + 4 - 2*n. What is i(-5)?
9
Let z = 31 + -21. Suppose 8*r - z = 3*r. Suppose 0 = s + 2 + r. Let d(c) = c**2 + 5*c - 1. Determine d(s).
-5
Let w(f) = f - 3. Suppose -4*t - 16 = -6*t - 4*v, 3*v - 75 = -5*t. Let